t is the thousands digit of 54682886?
2
What is the millions digit of 528959829?
8
What is the thousands digit of 75837331?
7
What is the ten millions digit of 3648011144?
4
What is the ten thousands digit of 133417578?
1
What is the hundred thousands digit of 1488139982?
1
What is the units digit of 66929176?
6
What is the ten thousands digit of 106674305?
7
What is the hundred thousands digit of 472955866?
9
What is the units digit of 139063725?
5
What is the tens digit of 146235659?
5
What is the thousands digit of 163498486?
8
What is the ten thousands digit of 352629876?
2
What is the units digit of 83354959?
9
What is the hundred millions digit of 1890367792?
8
What is the units digit of 245612092?
2
What is the tens digit of 663722132?
3
What is the ten thousands digit of 265991921?
9
What is the hundred thousands digit of 327860289?
8
What is the millions digit of 648791412?
8
What is the hundreds digit of 76620393?
3
What is the thousands digit of 42572973?
2
What is the ten thousands digit of 308385835?
8
What is the ten millions digit of 32457276?
3
What is the units digit of 67396328?
8
What is the millions digit of 426765449?
6
What is the hundred millions digit of 6643722080?
6
What is the ten millions digit of 15923314?
1
What is the ten millions digit of 197928063?
9
What is the thousands digit of 284237966?
7
What is the hundred thousands digit of 87082125?
0
What is the ten thousands digit of 66983132?
8
What is the tens digit of 598283874?
7
What is the tens digit of 287453892?
9
What is the ten millions digit of 11349295?
1
What is the ten thousands digit of 42422885?
2
What is the hundreds digit of 449653?
6
What is the ten millions digit of 11365989?
1
What is the thousands digit of 45999865?
9
What is the ten thousands digit of 61606759?
0
What is the millions digit of 375473376?
5
What is the billions digit of 1709853922?
1
What is the thousands digit of 48318340?
8
What is the hundred thousands digit of 258798506?
7
What is the thousands digit of 49000324?
0
What is the ten millions digit of 128944088?
2
What is the hundred millions digit of 804543507?
8
What is the tens digit of 694181550?
5
What is the ten millions digit of 668219072?
6
What is the ten millions digit of 355431503?
5
What is the thousands digit of 41523378?
3
What is the thousands digit of 1234204?
4
What is the thousands digit of 33696845?
6
What is the ten thousands digit of 483803495?
0
What is the ten millions digit of 368377511?
6
What is the ten thousands digit of 25214927?
1
What is the units digit of 1197309967?
7
What is the units digit of 1204320383?
3
What is the thousands digit of 69222296?
2
What is the millions digit of 373424528?
3
What is the hundred millions digit of 325431669?
3
What is the ten thousands digit of 203315273?
1
What is the millions digit of 159151314?
9
What is the thousands digit of 44209947?
9
What is the millions digit of 273500007?
3
What is the ten millions digit of 2479765898?
7
What is the hundred thousands digit of 53935492?
9
What is the hundred thousands digit of 64737685?
7
What is the units digit of 1087494542?
2
What is the millions digit of 1822033389?
2
What is the units digit of 735859564?
4
What is the units digit of 4738376777?
7
What is the millions digit of 429616473?
9
What is the hundreds digit of 93069534?
5
What is the millions digit of 84779590?
4
What is the ten millions digit of 173226706?
7
What is the ten millions digit of 120400390?
2
What is the units digit of 39571530?
0
What is the ten thousands digit of 39134921?
3
What is the millions digit of 169240853?
9
What is the hundred millions digit of 1326314082?
3
What is the units digit of 438529361?
1
What is the hundreds digit of 171271704?
7
What is the millions digit of 76179314?
6
What is the ten thousands digit of 632396402?
9
What is the thousands digit of 582919083?
9
What is the units digit of 45157914?
4
What is the tens digit of 490823122?
2
What is the tens digit of 200294980?
8
What is the thousands digit of 202192364?
2
What is the tens digit of 265900697?
9
What is the thousands digit of 3107599797?
9
What is the units digit of 701615412?
2
What is the ten thousands digit of 4988068089?
6
What is the thousands digit of 413990203?
0
What is the hundreds digit of 64910557?
5
What is the hundreds digit of 452664970?
9
What is the hundred thousands digit of 163228243?
2
What is the units digit of 16726962?
2
What is the hundreds digit of 440845202?
2
What is the millions digit of 94045532?
4
What is the millions digit of 84039257?
4
What is the billions digit of 1372283137?
1
What is the units digit of 212492500?
0
What is the hundred millions digit of 261449281?
2
What is the tens digit of 2492939895?
9
What is the ten thousands digit of 62295878?
9
What is the thousands digit of 703844501?
4
What is the units digit of 279832223?
3
What is the thousands digit of 76761955?
1
What is the tens digit of 4718444469?
6
What is the ten millions digit of 21776790?
2
What is the ten thousands digit of 1069603057?
0
What is the ten millions digit of 354721603?
5
What is the millions digit of 536840233?
6
What is the ten millions digit of 75473489?
7
What is the hundreds digit of 127394305?
3
What is the thousands digit of 191520256?
0
What is the hundred thousands digit of 552442105?
4
What is the billions digit of 1309323613?
1
What is the thousands digit of 43414485?
4
What is the ten thousands digit of 11543570?
4
What is the tens digit of 60140678?
7
What is the hundred thousands digit of 1389555246?
5
What is the units digit of 3183302789?
9
What is the tens digit of 5795837?
3
What is the ten millions digit of 332828690?
3
What is the hundreds digit of 226459865?
8
What is the millions digit of 113146415?
3
What is the ten millions digit of 526533110?
2
What is the hundreds digit of 243080550?
5
What is the hundred millions digit of 351115333?
3
What is the tens digit of 213244000?
0
What is the hundreds digit of 750659198?
1
What is the units digit of 110771314?
4
What is the ten millions digit of 117204218?
1
What is the ten millions digit of 17118207?
1
What is the thousands digit of 2331906667?
6
What is the tens digit of 3258669391?
9
What is the hundred thousands digit of 140112482?
1
What is the ten millions digit of 266605189?
6
What is the hundreds digit of 716588399?
3
What is the millions digit of 91135894?
1
What is the units digit of 2110879624?
4
What is the ten thousands digit of 22412970?
1
What is the millions digit of 178866145?
8
What is the ten millions digit of 1031681108?
3
What is the hundred thousands digit of 329900619?
9
What is the hundred millions digit of 151892438?
1
What is the thousands digit of 388900438?
0
What is the ten thousands digit of 454982704?
8
What is the millions digit of 562361232?
2
What is the units digit of 287677198?
8
What is the thousands digit of 2835277939?
7
What is the thousands digit of 84196816?
6
What is the units digit of 7491320203?
3
What is the ten millions digit of 247563104?
4
What is the thousands digit of 7394780?
4
What is the hundred thousands digit of 4533091472?
0
What is the hundred millions digit of 744278147?
7
What is the hundred thousands digit of 250609383?
6
What is the millions digit of 178775502?
8
What is the units digit of 566805528?
8
What is the thousands digit of 200418552?
8
What is the units digit of 22155396?
6
What is the ten thousands digit of 99789934?
8
What is the ten millions digit of 115736500?
1
What is the millions digit of 907230726?
7
What is the hundred thousands digit of 957680472?
6
What is the hundred millions digit of 191624685?
1
What is the units digit of 3787896440?
0
What is the millions digit of 74691588?
4
What is the hundreds digit of 162747429?
4
What is the hundred millions digit of 136202115?
1
What is the hundred millions digit of 1321613060?
3
What is the billions digit of 1679458060?
1
What is the ten millions digit of 231428262?
3
What is the hundred thousands digit of 40660882?
6
What is the hundreds digit of 7404580602?
6
What is the ten millions digit of 1658892733?
5
What is the millions digit of 2838239009?
8
What is the hundred thousands digit of 223345339?
3
What is the thousands digit of 218125583?
5
Wha